5
3820b7 (base 14) to base 6
105142425
What is 27a224 (base 13) in base 16?
eb8f3
-35340041 (base 7) to base 11
-184032a
Convert 21200211221 (base 3) to base 13.
53c77
341255 (base 6) to base 13
10181
Convert 70a29 (base 11) to base 9.
167253
What is 133300013 (base 4) in base 6?
2442035
Convert 112221221011 (base 3) to base 14.
79454
What is 354f7 (base 16) in base 5?
23441414
What is 135b6ca (base 14) in base 9?
18555532
What is 2320142 (base 5) in base 14?
113c6
-33c18 (base 14) to base 16
-1eb9e
Convert -22310144 (base 5) to base 15.
-3d7ee
Convert -23123203 (base 5) to base 4.
-302300320
Convert -10255550 (base 7) to base 12.
-360185
Convert 10ee1c (base 15) to base 11.
503464
What is 11475a (base 12) in base 16?
43c36
-1011021221021 (base 3) to base 6
-21111354
22313023 (base 4) to base 7
243466
b83b6 (base 16) to base 9
1370120
Convert -19780 (base 11) to base 16.
-6ba3
-7505218 (base 9) to base 5
-2012103111
What is -896b25 (base 15) in base 9?
-13287488
Convert 60753 (base 12) to base 15.
272ac
-413a16 (base 11) to base 15
-d1b60
-874477 (base 9) to base 10
-521629
-16aa33 (base 13) to base 7
-4546125
-1616210 (base 7) to base 5
-24114210
Convert -112002201122 (base 3) to base 6.
-5540542
Convert 54501 (base 10) to base 13.
1ba65
What is 1295b8 (base 13) in base 5?
103333214
Convert -e6dba (base 16) to base 10.
-945594
-88901 (base 10) to base 11
-6087a
What is -137048 (base 9) in base 14?
-227d5
What is 2312312 (base 5) in base 3?
2010001002
Convert 1b083 (base 13) to base 5.
3142320
212401004 (base 5) to base 16
dc856
Convert 231201301 (base 5) to base 11.
649705
What is -370c (base 16) in base 6?
-145124
What is -40142342 (base 5) in base 16?
-4dc08
Convert -221120100120 (base 3) to base 12.
-2032b0
What is 23010313 (base 5) in base 11?
12a163
330170 (base 9) to base 10
196974
-110001000101100001111 (base 2) to base 14
-2dc263
Convert -401150211 (base 6) to base 15.
-8ddada
110000100010010000 (base 2) to base 3
101002200222
What is -1561 (base 14) in base 4?
-323201
-11120 (base 12) to base 10
-22632
-4403235 (base 6) to base 9
-362615
What is 3254515 (base 7) in base 8?
1415503
Convert -17ac (base 13) to base 15.
-109c
Convert 4251364 (base 7) to base 2.
1111110001010001111
-231525014 (base 6) to base 10
-4288258
Convert -6173113 (base 8) to base 9.
-3063043
Convert 250540 (base 7) to base 2.
1011001101000100
What is -213340051 (base 6) in base 16?
-3a19bf
What is 370480 (base 10) in base 11?
233390
Convert -191411 (base 14) to base 9.
-1601788
What is 333515226 (base 7) in base 13?
425627a
What is 1121112002001 (base 3) in base 6?
30205514
Convert -20247521 (base 9) to base 13.
-20223ca
-a4a6 (base 14) to base 8
-67322
-222100212 (base 4) to base 16
-2a426
What is 10010001010001110111001 (base 2) in base 5?
2204314010
Convert -13d571 (base 16) to base 5.
-313043300
Convert -63183 (base 14) to base 6.
-5042355
-20122312212 (base 4) to base 5
-1031112032
Convert -40841 (base 14) to base 8.
-457231
Convert -175517 (base 9) to base 13.
-3a82b
Convert 325000 (base 8) to base 7.
632643
-170b1 (base 12) to base 2
-1000000011000101
Convert -102103220002 (base 4) to base 2.
-10010010011101000000010
-101000111011101100111101 (base 2) to base 11
-606991a
-577493 (base 11) to base 5
-213331040
What is -41879 (base 12) in base 16?
-14f9d
Convert 6141 (base 9) to base 7.
16045
What is -2101210021212 (base 3) in base 2?
-100110111010101100001
What is -a4376 (base 13) in base 12?
-122876
101100010011011010011 (base 2) to base 3
2201202101211
-21412002 (base 6) to base 13
-195029
Convert 1603046 (base 7) to base 3.
102011011122
-7333 (base 13) to base 5
-1002203
-17182 (base 14) to base 6
-1124114
Convert -34322235 (base 6) to base 7.
-11643422
-4412515 (base 7) to base 2
-10000100000111110000
7334c6 (base 15) to base 8
24714467
-110201111010 (base 3) to base 6
-5211133
Convert 2511304 (base 7) to base 4.
1032222310
Convert 138242 (base 13) to base 15.
95ace
What is 2857a (base 16) in base 11?
103170
3103502 (base 7) to base 8
1324526
What is 168548 (base 10) in base 16?
29264
1023330312 (base 4) to base 3
120210202000
1342200 (base 8) to base 16
5c480
Convert -1022012112102 (base 3) to base 14.
-140759
a6e3e (base 16) to base 11
427649
What is 3142b9 (base 12) in base 13?
211737
What is -2c8b3 (base 15) in base 10?
-143718
What is 107335 (base 11) in base 5?
20431034
What is -3462633 (base 7) in base 15?
-890e0
What is 125654520 (base 7) in base 14?
1113310
Convert 10000020021011 (base 3) to base 4.
12012112222
What is -430515 (base 6) in base 7?
-204401
-52505325 (base 7) to base 14
-837985
45340115 (base 7) to base 16
3c2867
-1011201022201 (base 3) to base 11
-397019
What is 2204140234 (base 5) in base 15?
63e164
What is -63332626 (base 7) in base 14?
-9d4a4d
Convert -323302103 (base 5) to base 7.
-14524614
What is -10111220012202 (base 3) in base 8?
-7100115
What is 4624065 (base 7) in base 10?
577659
71487c (base 16) to base 11
4210944
Convert -75303 (base 8) to base 7.
-160424
Convert 60063 (base 10) to base 5.
3410223
Convert -27968 (base 13) to base 15.
-16e58
Convert 588350 (base 13) to base 2.
1000000001011100111101
1001102100002 (base 3) to base 6
15553432
-5c558 (base 13) to base 5
-20420322
What is 172334 (base 9) in base 16?
1a0d4
36505 (base 12) to base 9
121485
Convert 107776 (base 10) to base 4.
122110000
Convert -15c236 (base 16) to base 7.
-15056234
What is 3e49f (base 16) in base 9?
427873
101213320011 (base 4) to base 14
883845
Convert -204324 (base 9) to base 11.
-83134
Convert 561033 (base 8) to base 11.
119a68
222022110020 (base 3) to base 6
15033440
Convert -5082369 (base 10) to base 7.
-61125255
Convert 1000011010110100000000110 (base 2) to base 7.
303033451
What is 5001010 (base 6) in base 12?
b3166
What is -11301102321 (base 4) in base 2?
-101110001010010111001
What is -1001101110101101111011 (base 2) in base 5?
-1123110101
Convert 30133122 (base 4) to base 16.
c7da
1152014110 (base 6) to base 5
11343040011
-3244243344 (base 5) to base 15
-93b684
Convert -1001010011000110001 (base 2) to base 9.
-513853
15020454 (base 8) to base 10
3416364
What is -120012001201 (base 3) in base 15?
-5d891
12 (base 11) to base 2
1101
Convert -41818e (base 16) to base 9.
-8062806
What is -6323350 (base 7) in base 4?
-2322013120
What is 101625253 (base 7) in base 14?
b1ccd3
What is -a8b2cd (base 15) in base 9?
-16108024
What is -1d474 (base 14) in base 2?
-10010010011011110
What is 2631552 (base 8) in base 3?
1101021221100
c008 (base 15) to base 10
40508
Convert 934b74 (base 14) to base 5.
2233001043
Convert 234e47 (base 16) to base 10.
2313799
Convert 13212a0 (base 11) to base 8.
10560157
Convert -471962 (base 10) to base 2.
-1110011001110011010
Convert 2520056 (base 7) to base 3.
121110200112
15207c (base 13) to base 9
870336
What is 3847b (base 12) in base 3?
10220012212
Convert -24236165 (base 7) to base 11.
-1246370
Convert -1c097c (base 13) to base 9.
-1310615
Convert -2435003 (base 6) to base 8.
-374553
-a9416 (base 14) to base 11
-25a869
Convert 541088 (base 11) to base 9.
1557804
What is -1074812 (base 9) in base 12?
-24023b
4258600 (base 11) to base 16
72553d
Convert 347032 (base 8) to base 16.
1ce1a
3254165 (base 8) to base 10
874613
What is -407715 (base 8) in base 5?
-13310432
Convert 25041346 (base 7) to base 15.
2e54c4
Convert 2326627 (base 12) to base 11.
3905336
Convert -101001010000001101 (base 2) to base 6.
-3342141
Convert 11001000100011000 (base 2) to base 3.
12012211222
What is -10431131 (base 6) in base 9?
-530331
Convert -95916 (base 10) to base 15.
-1d646
What is 77648b (base 14) in base 9?
7553887
What is -1525736 (base 11) in base 13?
-706842
Convert 4ef5e (base 16) to base 6.
10533154
-3822345 (base 12) to base 9
-22615858
5346706 (base 10) to base 14
9d2718
Convert -125595 (base 10) to base 12.
-60823
What is -76216b (base 13) in base 5?
-1202300234
Convert -2552576 (base 8) to base 15.
-e0594
What is -451240 (base 9) in base 5?
-32114203
Convert 564888 (base 12) to base 3.
2120221112112
-13707 (base 12) to base 6
-324411
33104123 (base 5) to base 14
75b8d
-99453 (base 13) to base 2
-1000011110000111110
15420413 (base 8) to base 6
204011055
10222320113 (base 4) to base 12
4b055b
Convert -427326 (base 9) to